0*f + 2*f + 1. Let l(b) = -2*b**2 + 2*b - 1. Let p(v) = l(v) + z(v). Determine p(x).
0
Suppose -1 = -4*y + 7. Let r(h) = -7*h - 2. What is r(y)?
-16
Let f(g) = -g**3 + 5*g**2. Let l(n) = n**2 - 9*n + 3. Let p be l(9). Suppose p*c = -c. Let u be 6/2 - (c + -2). Calculate f(u).
0
Let s(n) = -n**2 - 8*n - 6. Let y be s(-5). Let p(i) = y*i**2 + 4*i - 2*i - i. Give p(-1).
8
Let w(s) be the second derivative of -s**3/6 - 4*s. Suppose -2*o = o - 9. Determine w(o).
-3
Let v(h) = -h**2 - 7*h - 6. Let d be v(-6). Suppose 0*g - 2*g + 40 = d. Suppose 5*k - g = k. Let z(p) = -p**3 + 6*p**2 - 3*p - 7. Determine z(k).
3
Let s(c) be the third derivative of -1/60*c**5 + 0*c - 1/8*c**4 - 7*c**2 + 2/3*c**3 + 0. Let a(q) = 3*q. Let f be a(-1). Calculate s(f).
4
Let s(k) = -2 + 0*k + 3*k + 1. Let h be (-2)/(-6) + 8/12. Let w be s(h). Let f(m) = 2*m**3 - 3*m**2 + 2*m - 1. Determine f(w).
7
Let z(o) = -16*o + 14*o - o**3 - 2*o**3 + 2*o**3 + 5*o**2. Give z(4).
8
Let g(y) = y**2 + 3*y - 3. Suppose 5*k = -x + 15, 0 = 5*x + k - 5*k - 75. Suppose -h - 1 = -11. Let p = h - x. Calculate g(p).
7
Let v = 9 - 10. Let y be (-28)/(-7) + (v - -1). Let b(k) = 1 - y*k**2 + 4*k**2 + k**2. Determine b(-2).
5
Let o(j) = j**3 + 2 + 5*j - j - 3*j**2 - 2*j. Let x = -222 - -224. Calculate o(x).
2
Let p(s) = 3*s**2 + 3*s - 7. Let c(b) = 2*b**2 + 4*b - 6. Let i = 14 - 11. Let m(j) = i*p(j) - 4*c(j). Calculate m(6).
-3
Suppose 1 = 5*a - 4. Let z(w) = -4*w**3. What is z(a)?
-4
Let m(u) = 2*u. Let a be m(1). Let b(n) be the second derivative of 0 - 2/3*n**3 + n**a - 3*n. Determine b(2).
-6
Let w = 84 - 88. Let c(f) = -f - 3. Calculate c(w).
1
Let d(j) be the first derivative of j**4/4 - 2*j**3 - 4*j**2 + 7*j + 20. What is d(7)?
0
Let y(m) = -m**2 - 6*m - 3. Let h = 1 + 4. Suppose -2*t = 2*z - 12, 3*z + 0*z - h*t + 6 = 0. Suppose 0 = 2*c + z + 3. What is y(c)?
6
Let h(l) = -3*l**2 + 2*l + 2. Suppose 2*u + 2*m - 4 - 6 = 0, -m + 3 = 0. Give h(u).
-6
Let i(w) be the first derivative of -w**4/4 + 4*w**3/3 + 2*w**2 - w + 2. Calculate i(5).
-6
Let y be 2/(-7) + 48/21. Let s(a) = -2*a**2. Determine s(y).
-8
Let w(j) = 5*j**3 + 9*j**2 + 5*j - 4. Let z(m) = -4*m**3 - 8*m**2 - 4*m + 3. Let f(s) = 3*w(s) + 4*z(s). Calculate f(-5).
5
Let d(x) be the third derivative of -x**8/20160 + x**7/2520 + x**6/180 - x**5/30 + 2*x**2. Let r(f) be the third derivative of d(f). What is r(3)?
1
Let y(i) = -i - 16. Suppose -10*h + 1 = 1. Give y(h).
-16
Suppose -4*l = 3*m + 43, -m = -0*m + 5*l + 18. Let z = m - -10. Let a(c) = -c**2 - 4*c + 1. Calculate a(z).
4
Let m(i) = i + 5. Suppose -5*d - 4*o + 30 = o, -5*d + 25 = 4*o. Let u be d - 3*(-2)/(-6). Calculate m(u).
5
Let x be -3 + 2 - 3*-1. Let p(c) = -c**3 + c**2 + 2. Determine p(x).
-2
Let k(j) = -j**3 - j**2 - 2. Let l(s) = s**2 - s + 1. Let n(m) = -k(m) + l(m). Let f(p) = -p**3 - 4*p**2 + p + 1. Let c be f(-4). Give n(c).
-3
Suppose 33*s = 35*s - 6. Let p(d) = -d**3 + 4*d**2 - d - 4. What is p(s)?
2
Let u(n) = -2*n**2 + n. Let q be -14*1/2 - -1. Let w(z) = z**2 + 4*z - 7. Let t be w(q). Suppose t*g - 5 = -0. What is u(g)?
-1
Suppose v = -t + 8, -5*t = v - 30 + 10. Suppose 0 = -4*c + 20 - 0. Let d(g) = g**2 - 2 - c*g + 2. Determine d(v).
0
Let b(u) = u**3 - 3*u**2 - 4*u - 4. Let p(j) = j + 8. Let n = 10 - 9. Let h be -1*6 + n + 1. Let l be p(h). Determine b(l).
-4
Let z = -2 + 4. Let w(t) = -t**3 + 2*t**2 - t - 1. Let p be w(z). Let n(j) = -2*j - 2. Calculate n(p).
4
Let j(q) = q**3 - q**2 + 2. Let s(n) = -n + 15. Let w be s(13). Suppose -2*o + 10 = -0*i + i, 3*i = -w*o + 10. Give j(i).
2
Let m = -66 - -62. Let c(a) = -a**2 - 3*a + 5. What is c(m)?
1
Let j(a) = -6*a**2 + a. Let h(n) = n**3 + 13*n**2 + n + 14. Let v = 21 + -12. Let y = v - 22. Let g be h(y). What is j(g)?
-5
Let a(z) = -z**3 - 3*z**2 + 4*z - 4. Let m be (60/25)/(1/5). Suppose -4*d + 7*d + m = 0. Calculate a(d).
-4
Let t(d) = -8*d + 17. Let r(v) = 4*v - 9. Let j(q) = -11*r(q) - 6*t(q). Determine j(2).
5
Let z(q) = -q**2 - 8*q + 11. Let y = -12 - -5. Let s(x) = 4*x - 5. Let r(l) = y*s(l) - 3*z(l). Let p = 130 - 128. Determine r(p).
6
Let p(n) = -n**2 - n. Let x be p(-1). Let y(r) be the third derivative of r**6/120 + r**4/24 - 5*r**3/6 + 6*r**2. What is y(x)?
-5
Let d(i) = -9*i**3 - i**2. Let k be -1 + (-4 - -4) + 0. Give d(k).
8
Let y(j) = -3*j**3 + 4*j - 6. Let i(g) = -g**3 - g**2 + g - 1. Let n(v) = -2*i(v) + y(v). Determine n(3).
-7
Let y(n) be the third derivative of -n**5/60 - n**4/24 - n**3/6 + n**2. Let b(g) = 6*g**2 + 5*g + 5. Let z(k) = b(k) + 4*y(k). Determine z(-2).
7
Let u be 30/6 + -1 + 1. Suppose 3*d = z + d, -u*z + d + 18 = 0. Let l(f) = 3*f + 5*f - f**3 + f - z*f - 3*f**2 + 2. Calculate l(-4).
-2
Let w(v) = -v**3 + 5*v**2 + 16 - 6*v - 45 + 14 + 21. Let k be 2/(-6) - (-26)/6. Calculate w(k).
-2
Let u be 2 - -2 - (1 + -2). Let m(x) = 7*x**3 + 14*x - 11. Let r(b) = -6*b**3 + b**2 - 13*b + 10. Let i(s) = u*m(s) + 6*r(s). What is i(5)?
-10
Let g(c) = -5*c - 9. Let u(h) = h + 1. Let v(l) = -g(l) - 4*u(l). Let i(n) = 1. Let q(p) = 3*i(p) - v(p). What is q(-2)?
0
Let d(a) = 2*a - 6 - a**3 - a + 4. Let k = 820 + -820. Calculate d(k).
-2
Let p(l) = -l - 3. Suppose o = -3*o + 16. Suppose o*i - 29 = -3*w, -3*i + 4*w = -w. Calculate p(i).
-8
Let u = -15 - -17. Let t(d) = -u + 2*d**2 + 0 - d**2 + d - 3. What is t(-5)?
15
Let f(a) = -a**2 - 7*a - 4. Suppose -5*u + 51 = -d - 5, -3*d - 48 = -5*u. Suppose 13*q = u*q - 6. Calculate f(q).
2
Let m(c) = c**3 + 4*c**2 - 4*c + 3. Let y(k) = 0*k**3 - k + k**3 - 6*k**2 + 2*k - 8. Let a be y(6). Let p = a + -3. What is m(p)?
-2
Let r(z) = -z + 0 + 8 + 0. Suppose 0 = 2*s + c + 11, -3*s + 2*s = -5*c + 22. Let x = s - -12. Determine r(x).
3
Let x be 3 + (2 - 0 - 3). Let k(y) = -x*y + y - 4 + 5. What is k(3)?
-2
Suppose 0 = 2*g - 6*g + 4. Let j(p) = -p. Let l be j(-5). Let v(r) = 0*r + 4*r - l*r + 2. Calculate v(g).
1
Let q be ((-3)/5)/((-8)/40). Suppose 0 = -4*w - 2*t - 18, 0 = 2*w + q*t + 5 + 14. Let m(c) = 1 - 1 - 3*c - 2*c**2. Calculate m(w).
-2
Let o(h) = h**3 + 8*h**2 - 11*h - 13. Suppose 4*j + 11 = -25. Let p be o(j). Let r(k) = -3 + k**3 - 2 + 0*k**3 + p*k**2. Determine r(-5).
-5
Let v(q) be the third derivative of -q**5/60 - 7*q**4/24 - 7*q**3/6 - 3*q**2. Let f(h) = -2*h + 2. Let g be f(3). Let y be 5*(-2)/g*-2. Determine v(y).
3
Let f(l) = 2*l. Let i(n) be the third derivative of n**4/24 + 5*n**3/6 + 10*n**2. Let w be i(-6). Calculate f(w).
-2
Let c(u) be the second derivative of -1/6*u**3 + 0 - 2*u + 5/2*u**2. Calculate c(0).
5
Let o(j) = -j**3 + j - 2. Let g(t) = -t**2 - t - 1. Let s(x) = 5*g(x) - o(x). What is s(6)?
-3
Let z(p) = p**2 + 7*p - 8. Suppose 0 = -5*s + 25, -d - 4*s + 12 = -0*d. What is z(d)?
0
Let j(d) = 3*d - 5. Let g be 15/(-10) - (-13)/2. Give j(g).
10
Let p(u) = -7 + 3*u - 5*u + u**2 - 2*u. Let d = 6 - 0. Give p(d).
5
Let c(b) be the third derivative of -b**5/60 + b**4/3 + b**3 - 5*b**2. Let r be c(8). Let v(q) = q**3 - 7*q**2 + 4*q - 3. Give v(r).
-15
Let g(v) = v - 4. Let n be (4 + -3)*(2 + 7). Let i(d) = d - 14. Let j be i(n). Determine g(j).
-9
Let a = 52 + -50. Let q(y) = -7*y - 2. Let u(z) = 85*z + 25. Let r(h) = -25*q(h) - 2*u(h). What is r(a)?
10
Let p(o) = -o**2 + 11*o - 9. Suppose q - 4*n - n - 10 = 0, n = -4*q + 40. Calculate p(q).
1
Let n(u) = -5*u - 48. Let j be n(-10). Let o(w) = 2*w**2 - 2*w + 0*w**2 + 2 + 0*w. What is o(j)?
6
Let v = -12 - -11. Let w(x) = 10*x**2 + 1. Give w(v).
11
Let h(w) = -w**2 - 1 + 7 + 7*w - 7 + 2. Calculate h(6).
7
Let o(j) be the third derivative of 10*j**2 + 0*j + 1/24*j**4 + 0 - 1/2*j**3. Suppose -4*s + 2*s = 5*b + 24, 2*s = -b - 8. Determine o(b).
-7
Let s(z) = 6*z - 5. Let t(p) be the first derivative of -p**2/2 + p + 3. Let o(n) = -2*s(n) - 10*t(n). Suppose 2 = 2*q - 2. Determine o(q).
-4
Let d(p) = 4*p**3 - 3*p**2 + 3*p. Let n(m) = m**3 + m**2. Let i(h) = d(h) - 3*n(h). Suppose -3*q = -18 + 3. Calculate i(q).
-10
Let m be 7/(-2)*(8 - 10). Let u(c) = 0*c + 0*c - m*c + 0*c. Calculate u(-1).
7
Let g be 7/9 + 2/9. Let u(v) = -g + 2*v - 3*v**2 + 2*v**2 - 6*v. Let r be 6/21 + 16/(-7). Give u(r).
3
Let c(b) = b**2 - 4*b - 2. Let r be c(-2). Let u(y) = -y**2 + 11*y - 8. Determine u(r).
2
Suppose -4*b - 7 = i, -8 = 5*i - 3*b + 4. Let r(j) = j**2 + 0*j + 0*j + 4*j + 0*j**2. What is r(i)?
-3
Let j be